 27 is divided by j?
7
Suppose 225*f - 230*f - 64819 = -3*o, o - 21583 = -3*f. Calculate the remainder when o is divided by 200.
198
Let c(k) = 32*k + 1166. What is the remainder when c(-23) is divided by 8?
6
Let z = 4891 - 4879. Calculate the remainder when 407 is divided by z.
11
Let l(v) be the third derivative of v**4/4 + 77*v**3/2 + 14*v**2 + 2*v. What is the remainder when l(-12) is divided by 6?
3
Let k(u) = 47*u**3 + 2*u**2 - 3*u + 2. Let n(s) = 39*s**2 - 5*s - 6. Calculate the remainder when n(2) is divided by k(1).
44
Let j be -2*18/12 + 99. Calculate the remainder when 122 is divided by 40/(-30)*(j/(-1))/2.
58
Let h = 188 + -183. Let z(q) = q**2 + 8*q - 50. What is the remainder when z(h) is divided by 9?
6
Suppose 63871*d - 207 = 63868*d. Calculate the remainder when d is divided by (2 + -5)/(4/(-36)).
15
Suppose -o + p + 3003 = 0, -11*p = -4*o + 9*o - 15015. Calculate the remainder when o is divided by 177.
171
Let t(l) = -8*l**3 + 57*l**2 - 7*l. Let r be t(7). Suppose r = -86*a + 114*a - 2996. Calculate the remainder when a is divided by 6.
5
Suppose -21*i = -212 - 229. Suppose 10*y - 89 = i. What is the remainder when 38 is divided by y?
5
Suppose -4*v - 5*z + 323 = 0, -3*z = -5*v - 2*z + 440. Calculate the remainder when v is divided by 46.
41
Suppose 17*g = 45*g - 1204. Suppose -t + 2 = 5*z - 11, 0 = 5*z + 10. What is the remainder when g is divided by t?
20
Suppose -4*g + 2*h = -158, -2*h = -2*g - 6*h + 64. Let m(p) = 3*p**2 - 15*p + 50. Calculate the remainder when m(6) is divided by g.
30
Let u(z) = 8*z**2 + 483*z + 550. What is the remainder when u(-63) is divided by 4?
1
Let l(g) = -6*g + 1. Let c = -9249 - -9352. Calculate the remainder when c is divided by l(-2).
12
Let i = 36 - -53. What is the remainder when 615 is divided by i?
81
Let k = -3 + -1. Calculate the remainder when 738*10/150*85/51 is divided by 6/k*56/(-3).
26
Let z = -260 + 382. What is the remainder when z is divided by (-2)/21 + (-20243)/(-651)?
29
Let p be (5 + -4)/((-4)/(-88)). Suppose -p*h + 18*h = -292. Calculate the remainder when h is divided by 23.
4
Suppose 5*h = -6*j + 4375, -h + 906 - 20 = -j. What is the remainder when h is divided by 28?
13
Suppose -71 - 148 = 3*g - z, 3*g + z + 219 = 0. Let k = g - -152. Calculate the remainder when k is divided by 16.
15
Suppose 0 = 2*a - 4*p - 202, 3*a + 5*p - 270 = -0*a. Let x(q) = -20*q + 14*q - 54*q - 51. What is the remainder when a is divided by x(-1)?
5
Suppose 0*t = 3*t + d - 3158, -t = -2*d - 1041. Calculate the remainder when t is divided by 152.
139
Calculate the remainder when 94*2 + (5 - 3) is divided by (-11 + 7 + -24)*24/(-21).
30
Let g(m) = -m**3 + 14*m**2 + 40*m + 9. Let s = -1 - -5. Suppose s*q - 2*d - 192 = -4*d, 0 = 4*q - 5*d - 164. Calculate the remainder when g(16) is divided by q.
45
Let r = 1117 - -4913. Calculate the remainder when r is divided by 116.
114
Suppose -22*z - 87 = 639. Calculate the remainder when 121 is divided by 99/z*(-41)/3.
39
Suppose 3*b - 6 = 5*b. Let r(d) = d**2 + 7*d. Let j(q) = 2*q**2 + 8*q + 1. Let t(l) = 5*j(l) - 4*r(l). What is the remainder when t(b) is divided by 9?
5
Suppose -h + 3696 = r, 7*r + 2*h + 7396 = 9*r. Calculate the remainder when r is divided by 10.
7
Let o be (95 + -2)*4/(-6). Let u be ((-2)/6)/(3 + 2812/(-936)). Let q = u + o. What is the remainder when 41 is divided by q?
9
Suppose 0 = -h + 5*j + 29, 2*h + 0*j - 18 = 2*j. What is the remainder when (-14 - 26532/(-22))*(-1)/(-64)*8 is divided by h?
1
Let t be (3 - 1)/(48700/12170 - 4). Let h = t + -607. What is the remainder when h is divided by 13?
12
Let m(z) = 315*z**2 + z - 1. Let r = -10001 + 10015. What is the remainder when m(-2) is divided by r?
11
Let h(v) = 2*v**2 - 38*v - 259. Calculate the remainder when (88/(-6))/(2/(-39)) is divided by h(-6).
40
Let t = -6053 - -6097. Calculate the remainder when 136 is divided by t.
4
Let r(v) = -436*v**3 - 30*v**2 - 33*v - 2. What is the remainder when r(-1) is divided by 128?
53
Suppose 0 = -4*j + 2*o + 196, -3*j + o + 133 = 3*o. Suppose -299 = -3*v - 38. Calculate the remainder when v is divided by j.
40
Let c(l) = 30*l**2 - 4*l + 8. Let y be (-6)/(-12) + 58/4. What is the remainder when c(2) is divided by 14 - (-2 + y/3)?
10
Let m(t) = -23*t - 145. Let i be m(-7). Suppose -i*u + 4194 = -5518. Calculate the remainder when u is divided by 19.
18
What is the remainder when (-672)/420*(-8)/32 - 346/(-10) is divided by (-4)/18 + (-227)/(-9)?
10
What is the remainder when 302 is divided by 6*((-55)/(-44) - (-4)/16)?
5
What is the remainder when (42 - -8)/10*106 - 4 is divided by 133?
127
Suppose 0 = 3*g + g + 2*q, -3*q = -12. Let x(i) = -8*i**3 - 4*i**2 - 2*i - 1. What is the remainder when x(g) is divided by 19?
13
What is the remainder when (-10520)/(-150) + (-5)/((-150)/(-4)) is divided by 8?
6
Suppose 17*f + 1991 = 21*f + 5*d, -3*f = -4*d - 1532. What is the remainder when f is divided by 51?
45
Suppose 1038*o + 2472 = 1042*o - 4*n, 0 = 14*o - 4*n - 8532. Let c = -12 + 50. What is the remainder when o is divided by c?
36
Suppose 118*a - 7818 + 993 - 1081 = 0. What is the remainder when 934 is divided by a?
63
Let s = 64 + -72. Let l be 1*(-3)/12 + (-1026)/s. Let p = l + -90. Calculate the remainder when p is divided by 8.
6
Let j be (69 + -1)*((-3)/(-2))/3. Suppose 8 = -3*m - j. Let y(t) = -t + 14. What is the remainder when 54 is divided by y(m)?
26
Calculate the remainder when 2121 is divided by ((-7)/14)/((-10)/(-95) + 14215/(-134140)).
3
Let h = -148 - -98. Let r(z) = z**3 - 14*z**2 - z + 10. Let w be r(14). What is the remainder when 52 is divided by -2 - (h/(4 + -2) - w)?
14
Let x = -41 + 32. Let y(j) = -281*j + 17. Let r(v) = -70*v + 4. Let h(i) = x*r(i) + 2*y(i). Calculate the remainder when h(1) is divided by 17.
15
Let k = 46 - 24. Let z = 39887 - 39647. Calculate the remainder when z is divided by k.
20
Let b = -246 + 254. Suppose 0 = b*h - 13 - 163. What is the remainder when 87 is divided by h?
21
Calculate the remainder when 2/((-2)/(-711)) + (-27816)/(-2318) is divided by 118.
15
Let m(n) = 3*n**2 - 87*n + 5. Let f be m(29). Suppose 0 = 4*r + f*g - 79, -72 = -2*r + 19*g - 15*g. Calculate the remainder when r is divided by 15.
11
Calculate the remainder when -2853*(-4)/48 + 19/76 is divided by (-60)/8*4/(-3).
8
Let i(q) = -q**2 - 41*q - 10*q + 31*q - 5. Let x = -42 + 25. Calculate the remainder when i(x) is divided by 12.
10
Let y = -2475 - -2482. Let o = -9 - -11. Calculate the remainder when 11/o*(-4)/(-1) is divided by y.
1
Suppose -137*j + 19000 = -12*j. Calculate the remainder when 584 is divided by j.
128
Let q = -6806 + 6889. What is the remainder when 125 is divided by q?
42
Suppose -4*h + 22*o = 21*o - 393, 0 = h + o - 92. Suppose 5*a = 5*v - 80, -4*v - 4*a = -v - 69. What is the remainder when h is divided by v?
2
Let u(f) = -f**3 - 3*f**2 + 7*f + 59. What is the remainder when 263 is divided by u(-6)?
13
Let k = 393 + -385. Calculate the remainder when (-2)/(((-6)/38)/(12/k)) is divided by 3 - (-1)/((-1)/(-2)).
4
Suppose -16*d - 295 = -21*d. Let j = d - 57. What is the remainder when (2/(-12)*4)/(j/(-303)) is divided by 21?
17
Suppose -2*i - 759 = -m - 5386, 4*i - 9248 = -4*m. What is the remainder when i is divided by 7?
3
Let q be 1164/(-9)*(-27)/18. Let g = q + -150. Calculate the remainder when g is divided by (5 - 0)*45/25.
8
Let w(p) = -5*p + 27. Let c(l) = l**3 + 9*l**2 + 5*l + 80. What is the remainder when w(-12) is divided by c(-9)?
17
Suppose 20*y - 4*y - 64 = 0. Suppose -9 = -h + x - 0*x, 61 = y*h + x. What is the remainder when 179 is divided by h?
11
Suppose 2*c + 4*d = 17 + 5, 5*d + 83 = 4*c. Suppose 10*p - c*p + 70 = 0. Suppose -24*j + 23*j + 17 = 0. Calculate the remainder when j is divided by p.
7
Let b = 26787 - 26755. What is the remainder when 233 is divided by b?
9
Suppose 2*s = 6, -148*t - 5*s - 223 = -149*t. What is the remainder when 742 is divided by t?
28
Let w = -3006 + 3336. What is the remainder when w is divided by 85?
75
Let x(g) = g**3 - 24*g**2 + 104*g + 408. Suppose -47 = -3*t + z, t = -2*z - z + 29. What is the remainder when x(18) is divided by t?
13
Let o be 52/(-16) + 3 + 8109/36. Suppose o = 4*z + 137. Calculate the remainder when 569 is divided by z.
19
Suppose -r - 1